 millions digit of 311539664?
1
What is the thousands digit of 233118719?
8
What is the hundred thousands digit of 785114262?
1
What is the ten millions digit of 42125323?
4
What is the thousands digit of 767766075?
6
What is the thousands digit of 131964895?
4
What is the hundreds digit of 62716747?
7
What is the ten millions digit of 51591339?
5
What is the ten thousands digit of 499437040?
3
What is the hundred thousands digit of 140219417?
2
What is the thousands digit of 47300364?
0
What is the thousands digit of 53095834?
5
What is the thousands digit of 17120845?
0
What is the thousands digit of 89187691?
7
What is the ten thousands digit of 404951049?
5
What is the ten millions digit of 4071882322?
7
What is the tens digit of 3230817663?
6
What is the hundred thousands digit of 1150696671?
6
What is the millions digit of 16693600?
6
What is the tens digit of 145386919?
1
What is the tens digit of 1223497033?
3
What is the hundreds digit of 167190227?
2
What is the tens digit of 2361590718?
1
What is the thousands digit of 249420602?
0
What is the ten millions digit of 157878558?
5
What is the ten millions digit of 770196024?
7
What is the tens digit of 30357592?
9
What is the hundreds digit of 1833431499?
4
What is the tens digit of 2858023932?
3
What is the units digit of 37870667?
7
What is the tens digit of 68302179?
7
What is the ten millions digit of 6410030400?
1
What is the units digit of 1831136697?
7
What is the ten millions digit of 75707391?
7
What is the hundred thousands digit of 18999736?
9
What is the units digit of 10329407?
7
What is the tens digit of 323244760?
6
What is the hundreds digit of 420771492?
4
What is the tens digit of 116033651?
5
What is the units digit of 362364094?
4
What is the ten thousands digit of 409927699?
2
What is the tens digit of 26749473?
7
What is the ten millions digit of 84896329?
8
What is the hundred millions digit of 1158499497?
1
What is the hundred millions digit of 543789957?
5
What is the millions digit of 1860404644?
0
What is the hundreds digit of 736666725?
7
What is the ten thousands digit of 1518649099?
4
What is the ten thousands digit of 371375174?
7
What is the tens digit of 918371487?
8
What is the millions digit of 2588873329?
8
What is the hundreds digit of 2549366656?
6
What is the tens digit of 463714410?
1
What is the hundred thousands digit of 233231900?
2
What is the billions digit of 1048617185?
1
What is the ten millions digit of 756283757?
5
What is the thousands digit of 4844752152?
2
What is the ten millions digit of 637275800?
3
What is the millions digit of 8226706?
8
What is the units digit of 45987310?
0
What is the hundred millions digit of 201822961?
2
What is the thousands digit of 3125894871?
4
What is the hundreds digit of 81843434?
4
What is the ten millions digit of 1875828176?
7
What is the hundreds digit of 778410202?
2
What is the hundreds digit of 807843394?
3
What is the units digit of 320473808?
8
What is the units digit of 2209433645?
5
What is the units digit of 4642048570?
0
What is the hundreds digit of 149205309?
3
What is the tens digit of 674021834?
3
What is the hundred millions digit of 662319459?
6
What is the ten millions digit of 5963815740?
6
What is the ten thousands digit of 355859637?
5
What is the ten thousands digit of 13020850?
2
What is the tens digit of 137474803?
0
What is the hundred millions digit of 307782179?
3
What is the millions digit of 54865515?
4
What is the hundred millions digit of 116447718?
1
What is the ten millions digit of 3469050170?
6
What is the units digit of 159907410?
0
What is the tens digit of 56816101?
0
What is the tens digit of 18116849?
4
What is the units digit of 776550187?
7
What is the thousands digit of 3636979075?
9
What is the hundred thousands digit of 236979351?
9
What is the ten millions digit of 30454194?
3
What is the tens digit of 6332306099?
9
What is the ten thousands digit of 109885294?
8
What is the tens digit of 1714414396?
9
What is the tens digit of 1031811750?
5
What is the hundred thousands digit of 95508456?
5
What is the ten thousands digit of 921760914?
6
What is the ten millions digit of 204551089?
0
What is the units digit of 894572494?
4
What is the units digit of 27186593?
3
What is the tens digit of 86856787?
8
What is the hundred thousands digit of 74771633?
7
What is the hundred thousands digit of 414772939?
7
What is the billions digit of 3198172280?
3
What is the units digit of 4164780260?
0
What is the hundred thousands digit of 13292843?
2
What is the thousands digit of 57642570?
2
What is the hundreds digit of 273495427?
4
What is the ten millions digit of 206189988?
0
What is the ten millions digit of 144564550?
4
What is the hundreds digit of 14590501?
5
What is the thousands digit of 332267369?
7
What is the hundred thousands digit of 3115566319?
5
What is the ten millions digit of 24293764?
2
What is the ten thousands digit of 17901279?
0
What is the millions digit of 143017185?
3
What is the billions digit of 4215072073?
4
What is the ten thousands digit of 4463380209?
8
What is the hundred thousands digit of 497391409?
3
What is the ten thousands digit of 6926514?
2
What is the ten millions digit of 954634302?
5
What is the millions digit of 552633403?
2
What is the billions digit of 3094418317?
3
What is the millions digit of 30458764?
0
What is the millions digit of 617086331?
7
What is the hundreds digit of 47764540?
5
What is the thousands digit of 27198988?
8
What is the thousands digit of 11360472?
0
What is the hundred thousands digit of 9459266161?
2
What is the hundreds digit of 9874255?
2
What is the ten millions digit of 197266601?
9
What is the ten thousands digit of 2252638110?
3
What is the ten millions digit of 2969570868?
6
What is the millions digit of 5793262?
5
What is the tens digit of 3337093024?
2
What is the ten thousands digit of 97099414?
9
What is the hundreds digit of 106219295?
2
What is the hundreds digit of 6149699?
6
What is the thousands digit of 611322380?
2
What is the ten thousands digit of 1329434328?
3
What is the hundred thousands digit of 90865290?
8
What is the hundred thousands digit of 2034485155?
4
What is the millions digit of 78096001?
8
What is the units digit of 127602580?
0
What is the units digit of 392933943?
3
What is the units digit of 58213477?
7
What is the hundred thousands digit of 32625467?
6
What is the units digit of 62252447?
7
What is the ten thousands digit of 558546494?
4
What is the hundred thousands digit of 2599749254?
7
What is the thousands digit of 63328955?
8
What is the ten millions digit of 90478421?
9
What is the hundred millions digit of 1598672946?
5
What is the thousands digit of 18506061?
6
What is the hundred millions digit of 746307266?
7
What is the thousands digit of 210338806?
8
What is the tens digit of 186430628?
2
What is the hundred thousands digit of 85768257?
7
What is the tens digit of 47918962?
6
What is the hundreds digit of 27390375?
3
What is the thousands digit of 544908874?
8
What is the units digit of 1208272304?
4
What is the thousands digit of 181126447?
6
What is the hundreds digit of 142731289?
2
What is the hundred thousands digit of 20366848?
3
What is the millions digit of 2993128?
2
What is the ten millions digit of 134090647?
3
What is the tens digit of 8892552?
5
What is the thousands digit of 92785387?
5
What is the hundreds digit of 24789211?
2
What is the ten thousands digit of 149491510?
9
What is the hundreds digit of 597585465?
4
What is the units digit of 149924090?
0
What is the thousands digit of 1653882?
3
What is the hundred thousands digit of 337090284?
0
What is the tens digit of 108523696?
9
What is the thousands digit of 329423148?
3
What is the tens digit of 393706755?
5
What is the units digit of 5053987614?
4
What is the ten thousands digit of 383187564?
8
What is the hundred millions digit of 1705071633?
7
What is the hundred thousands digit of 51484964?
4
What is the ten millions digit of 30699223?
3
What is the hundred thousands digit of 25431495?
4
What is the hundred millions digit of 911796419?
9
What is the millions digit of 7269834?
7
What is the ten millions digit of 59848680?
5
What is the ten millions digit of 7801